 6*d**2 + 4*d - 1. Calculate z(h).
-6
Let n(h) = -2*h**2 + h + 2. Suppose 6 = -x - x, g - 5 = x. Let u(v) = 4*v**g + 0*v**2 - v**2 - v. Let w be u(1). Calculate n(w).
-4
Let l(f) = -f - 2. Let i = 447 + -444. Calculate l(i).
-5
Let l(t) be the first derivative of -t**4/4 - t**3/3 - t**2/2 - 2*t + 587. Suppose 6*g - 10 = g. Calculate l(g).
-16
Let l = -89 + 86. Let w(c) = c**2 - c + 1. What is w(l)?
13
Let j(b) = -2*b + 1 - b + 0. Suppose 5*y = 3*h - h + 31, -5*h = y + 10. What is j(y)?
-14
Suppose -5*g + 15 = -2*w, 2*g = -3*g + 15. Let h be w/(2 + -1) + -1. Let v(y) = 12*y + 1. Determine v(h).
-11
Let s(q) = -q**3 + q**2 + 2*q**2 - 6*q + 1 - 4*q**2 - 6*q**2. Suppose 4*a + 16 = 0, -4*a = -j + 5 + 16. Let f = j - 11. Calculate s(f).
1
Let v(u) be the second derivative of u**3/6 + u**2 - 16*u. Calculate v(-1).
1
Let q(o) = 4*o**2 - 13*o - 5. Let g(v) = -3*v**2 + 9*v + 3. Let w(n) = -5*g(n) - 4*q(n). Suppose -3*t = 8 - 32. Determine w(t).
-3
Let a = -1/61 - -65/244. Let s(t) be the second derivative of -2*t + a*t**4 + 3/2*t**2 + 2/3*t**3 + 0. Give s(-2).
7
Let k(j) = -j**3 + j**2 + 2*j - 1. Let v(n) = -3*n**3 + 12*n - 9. Let a(i) = -4*k(i) + v(i). Give a(2).
-5
Let i = -104 + 108. Let w(q) be the first derivative of i + 1/3*q**3 + 5*q + 3*q**2. Calculate w(-5).
0
Let a(p) = p**3 + 23*p**2 - 22*p + 59. Let t(w) = -3*w**3 + 49*w**2 - 17*w - 8. Let s be t(16). Determine a(s).
11
Let d(g) = -8*g**2. Let o(u) be the first derivative of u**4/24 - u**3 + 2*u**2 - 8. Let t(l) be the second derivative of o(l). Let w be t(5). Determine d(w).
-8
Let t(q) = -q**2 + 6*q. Suppose 0 = -3*y + x + 25, 33 = 66*y - 62*y - x. Calculate t(y).
-16
Let g(x) = x**3 - 3*x**2 - 3*x - 1. Let m(o) = -32*o + 1. Let y be m(4). Let l = y - -125. Calculate g(l).
-15
Let k(b) = -7*b**3 + b**2 - b - 1. Let n(s) be the second derivative of s**3/3 + s**2/2 + 6*s. Let d be n(-1). Determine k(d).
8
Let u(o) = 3*o**2 - o - 3. Let l(x) = x**2 + 5*x**2 - 1 - 10*x**2 + 3*x**2. Let d(s) = 2*l(s) - u(s). Calculate d(2).
-17
Let m(x) = 8*x + 5. Let j(w) = 15*w + 10. Let d(y) = 6*j(y) - 11*m(y). Let v(i) = 8 + 7 - 5 - 2*i. Let c be v(8). Calculate d(c).
-7
Let a(o) = -12 - o + o**2 - 5 - 3 + 11. Suppose -11*p + 14*p = 0. Give a(p).
-9
Let d(b) = b - 2. Suppose -16*z + 168 = 8*z. What is d(z)?
5
Suppose -2*j = -m + 1, -5*m + 4*m - 2*j + 13 = 0. Let l(y) = y**3 - 7*y**2 + 4. Calculate l(m).
4
Suppose 0 = 2*p - 6*p + 88. Let s = p - 28. Let n(t) = -t**2 - 8*t - 9. Determine n(s).
3
Let r(u) = -u**3 + u**2 + u + 10. Suppose -i - 2 = -4*p, 5*p + 4*i + 8 = 4*p. What is r(p)?
10
Let k(v) = -4*v + v + 7 + 5*v. Suppose -5*n + 5 = -4*f + 42, 4*n + 27 = 3*f. Let h be f/((-364)/24)*7. Calculate k(h).
-5
Let i(v) = v**3 - 7*v**2 - 7*v - 11. Let s(b) = b**3 + b. Let h(d) = 3*d**3 - 13*d**2 + 16*d - 20. Let x(y) = h(y) - 4*s(y). Let n be x(-14). Calculate i(n).
-3
Let x(n) = 96*n - 212*n + 105*n - 2. What is x(-2)?
20
Let n = -66 + 166. Let p = -92 + n. Let j(k) = 2*k - 10. Determine j(p).
6
Let l(z) = 8*z**2 + z + 1. Let i(q) = 8*q - 14. Let j be i(3). Let s be (-10)/(-15) - j/6. Give l(s).
8
Let d(z) = -z - 1. Let u(w) = -14*w + 20. Let x(t) = 3*t - 4. Let j(l) = -2*u(l) - 11*x(l). Let v(a) = -4*d(a) + j(a). Give v(5).
3
Let t(i) = -2*i**2 - i - 1. Let c = -19 - -13. Suppose -5*m - 44 = -0*m - 2*v, -5*v + 10 = 0. Let p = c - m. What is t(p)?
-11
Suppose -10*s - 18 = -8*s. Let l(h) = h**3 + 9*h**2 + 9. Calculate l(s).
9
Let y(j) = j + 63. Let r be y(-23). Suppose b + r = -4*b. Let d(t) = t**3 + 9*t**2 + 10*t - 1. Give d(b).
-17
Let j(a) = 4*a**2 + 5*a + 1. Let c be j(-2). Let o(i) = 8*i**2 - 2. Let t(b) = 7*b**2 - b - 1. Let v(u) = -6*o(u) + 7*t(u). Calculate v(c).
5
Let b = 4 - 9. Let g(x) = x**3 - x**2 - 13*x - 2. Let u be g(-3). Let s = b + u. Let f(t) = -t**3 - 3*t**2 + 4*t - 1. Determine f(s).
-1
Let b be 2/6*(76 - 43). Let w(i) = -i + 11. Give w(b).
0
Let k(r) be the second derivative of -7*r**3/6 + 3*r**2 - 19*r. Calculate k(5).
-29
Suppose 0 = -4*x + 2*f + 22, 3*f + 25 = 4*x - 0. Let l(u) = x*u + u**3 - 2*u**3 + 6*u**2 - 5 - 9*u. Let w(b) = b**3 - 6*b**2 + b - 1. Let k be w(6). Give l(k).
-5
Let u(o) = o**2 - 4*o. Let q(s) = s**3 - 8*s**2 + 14*s - 8. Let j(m) = 2*m**2 - 8*m - 18. Let n be j(-2). Let i be q(n). Calculate u(i).
0
Let g(v) be the second derivative of -v**5/20 - v**4/4 + 2*v**3/3 - v**2 - 16*v. Let f(a) = -a**2 + 4*a + 1. Let z be f(5). Determine g(z).
-2
Let x(o) = 4. Let d(i) = -2*i - 27. Let m(y) = -d(y) - 5*x(y). Give m(6).
19
Let v(a) = a**2 - 9*a - 5. Suppose 8*o - 610 = -522. Determine v(o).
17
Let r be ((-648)/1458)/((-2)/36). Let p(s) = -s + 2. What is p(r)?
-6
Let f(w) be the third derivative of -w**9/60480 - w**8/3360 + w**7/5040 + w**6/120 + w**5/3 + 6*w**2. Let h(a) be the third derivative of f(a). What is h(-6)?
0
Let h(z) = z**3 - 7*z**2 + 18*z - 35. Let i be h(5). Let g(j) = j**3 - 2*j**2 - 5*j - 6. Calculate g(i).
44
Let k(o) be the first derivative of -o**3/3 - 6*o**2 - 6*o + 251. Calculate k(-12).
-6
Suppose -3*y - 10 = -61. Let n = y + -14. Let g(a) = -7 - 2*a - n + 6. Calculate g(4).
-12
Let d be 3 - (3 - (5 + 8/(-4))). Let u be (-1)/d + 2/6. Let v(r) = -r**2 - r - 10. Calculate v(u).
-10
Let u = 23 + -20. Let s(h) = 17*h**2 - 1 + 0*h + h**u - 24*h**2 + 5*h + 8. What is s(6)?
1
Let z(i) = -i**2 + 2*i + 1. Let n(g) = g**3 - 10*g**2 + 13*g + 9. Let b(m) = n(m) - 3*z(m). Give b(6).
12
Let a(z) = 23*z - 241. Let x be a(10). Let k(i) = -i**2 - 12*i + 13. What is k(x)?
24
Let c(q) = -21*q + 375. Let i be c(18). Let n(d) = 2*d**2 - 4*d - 3. Determine n(i).
27
Let g(p) = 2*p - 4. Let i be g(3). Let n(j) = -2 - 2*j**i - 5*j + 3*j**2 + 3 - 3. Let k = 9 - 5. Determine n(k).
-6
Suppose -1 = -0*x + x - s, 3*x + 38 = -4*s. Let t be (-3)/(-9) + -5 - 4/x. Let q(f) = -f**2 - 3*f + 5. What is q(t)?
1
Let z(n) be the second derivative of n**3/3 - 3*n**2/2 - 164*n. Suppose -4*p + 3*l = -0*l - 40, -4*p + 44 = -4*l. Give z(p).
11
Suppose -16*b + 13 = -15*b + 5*x, 0 = -4*b - 5*x + 7. Let t(d) = -2*d - 1. Give t(b).
3
Let i(j) = j**2 + 83*j + 0 - 2 - 86*j. Let c(f) = f**2 - 4*f - 3. Let z(d) = -3*c(d) + 4*i(d). Determine z(-1).
2
Let r = -65 + 70. Let y(n) = 13*n - 1 - r*n - 9*n + 5. Give y(-4).
8
Let i(n) = n**3 - 3*n**2 - 3*n + 2. Suppose 4*a + 2*o - 29 = 3*o, 4*o + 12 = 3*a. Suppose -r + 2*r - 3*p = a, -p = 2. Determine i(r).
-8
Let w(d) = d**2 + 9*d + 4. Let t be w(-8). Let s = t - 2. Let i = 1 + s. Let j(x) = x**2 + 5*x - 5. Calculate j(i).
-5
Let x(f) be the third derivative of 1/12*f**4 + 0*f - 2*f**2 + 0 + 1/120*f**6 - 1/12*f**5 + 5/6*f**3. Suppose -67*b + 10*b + 288 = 15*b. Determine x(b).
-3
Let m(u) = -1. Let v(j) = -j**2 - 6*j - 2. Let f(q) = -6*m(q) + v(q). Suppose 0 = -i + 28 - 34. Calculate f(i).
4
Suppose -3*n - v = -6*n - 10, 0 = 3*n + 4*v - 10. Let r(c) = 10*c + 38. Let l be r(17). Let u(p) = 2 + 2*p**2 + 210*p**3 - 2*p - 3 - l*p**3. What is u(n)?
-5
Let h(j) be the second derivative of -j**3/6 + j**2/2 + 2*j - 71. Let m be (2/(-2))/((-1)/(-5)). Give h(m).
6
Let u(l) be the second derivative of 5/24*l**4 + 0*l**5 - 2/3*l**3 + 0*l**2 - 1/360*l**6 + 0 - 5*l. Let o(q) be the second derivative of u(q). Calculate o(0).
5
Suppose 9 = 5*z - 2*m, 0 = 4*z + m - 0 - 2. Let r(f) = -12*f**2 - f - z - 2*f**3 + 12*f**2. Let h(k) = k**2 + k - 1. Let p be h(0). Give r(p).
2
Let a(g) = -g**2 + 31*g - 64. Let z be a(29). Let x(f) = -f**2 - 6*f - 6. What is x(z)?
-6
Suppose 0 = 3*g - 6. Suppose -3*x - 6 = 5*a, -4*a = -g*x + 6 + 12. Let z(v) be the second derivative of v**4/12 - 3*v + 239. Calculate z(a).
9
Suppose 4*b = -3 - 5. Let u(k) = 2*k + 12. Let h(p) = 2*p + 9. Let t(x) = -3*h(x) + 2*u(x). Calculate t(b).
1
Suppose -3*m + 2 - 8 = 0. Let h = m + 4. Let b(p) = 2*p**2 - p - 4. Let f(k) = -3*k**2 + k + 6. Let c(q) = 7*b(q) + 5*f(q). Calculate c(h).
-6
Let f be (-1)/(4 + 170/(-42)). Let j = f - 16. Let w(m) = m**2 - 7*m + 2. What is w(j)?
-8
Let x = -53 + 59. Let n be -1 - ((-1)/(2/x) - 3). Let d(l) = l**2 - 3*l - 5. What is d(n)?
5
Let d(l) = l**2 + 2*l - 5. Let k be d(-4). Suppose 5*t = -4*w + 10, 2*t = k*w - 3*t - 25. Let x(h) = -h**2 + 4*h + 6. What is x(w)?
1
Let b(o) = o**3 - 4*o**2 - 9*o + 31. Let c be b(3). Let n(s) = -2*s**2 - 4*s + 7. What is n(c)?
-23
Let g(r) be the firs